ist the prime factors of 1336947.
3, 445649
What are the prime factors of 135731?
135731
What are the prime factors of 110154?
2, 3, 11, 1669
What are the prime factors of 1414775?
5, 56591
What are the prime factors of 4720069?
29, 47, 3463
List the prime factors of 1359444.
2, 3, 113287
List the prime factors of 2823577.
83, 34019
What are the prime factors of 1928837?
17, 83, 1367
List the prime factors of 3013235.
5, 602647
What are the prime factors of 1204590?
2, 3, 5, 40153
What are the prime factors of 2347839?
3, 13, 6689
What are the prime factors of 5654412?
2, 3, 23, 6829
What are the prime factors of 39964?
2, 97, 103
What are the prime factors of 298666?
2, 149333
List the prime factors of 14800809.
3, 83, 59441
What are the prime factors of 4057644?
2, 3, 338137
What are the prime factors of 514818?
2, 3, 37, 773
What are the prime factors of 444591?
3, 7, 7057
List the prime factors of 96145.
5, 7, 41, 67
List the prime factors of 873825.
3, 5, 61, 191
List the prime factors of 1176746.
2, 19, 173, 179
What are the prime factors of 512575?
5, 7, 29, 101
What are the prime factors of 6495365?
5, 43, 30211
What are the prime factors of 13824375?
3, 5, 73, 101
What are the prime factors of 1734478?
2, 53, 16363
List the prime factors of 1308609.
3, 17, 2851
What are the prime factors of 521710?
2, 5, 7, 29, 257
What are the prime factors of 247904?
2, 61, 127
What are the prime factors of 1677717?
3, 131, 1423
List the prime factors of 369389.
521, 709
What are the prime factors of 57676?
2, 14419
What are the prime factors of 12057071?
13, 43, 21569
List the prime factors of 2071395.
3, 5, 191, 241
List the prime factors of 1674689.
701, 2389
List the prime factors of 3266906.
2, 281, 5813
List the prime factors of 1793175.
3, 5, 23909
What are the prime factors of 8365161?
3, 7, 398341
What are the prime factors of 481029?
3, 160343
List the prime factors of 381836.
2, 7, 13, 1049
List the prime factors of 9328920.
2, 3, 5, 17, 269
List the prime factors of 4618883.
17, 23, 11813
What are the prime factors of 864211?
864211
What are the prime factors of 199089?
3, 11, 2011
List the prime factors of 384450.
2, 3, 5, 11, 233
List the prime factors of 68519.
11, 6229
List the prime factors of 8617802.
2, 43, 100207
What are the prime factors of 5782445?
5, 941, 1229
List the prime factors of 11538316.
2, 89, 32411
What are the prime factors of 5099019?
3, 463, 3671
List the prime factors of 15727.
15727
List the prime factors of 667065.
3, 5, 7, 6353
List the prime factors of 17344909.
277, 62617
List the prime factors of 745747.
745747
What are the prime factors of 292898?
2, 146449
List the prime factors of 5063889.
3, 1687963
List the prime factors of 766142.
2, 13, 79, 373
What are the prime factors of 15377695?
5, 47, 65437
What are the prime factors of 5612683?
263, 21341
What are the prime factors of 985379?
985379
List the prime factors of 593679.
3, 197893
List the prime factors of 1491542.
2, 13, 57367
What are the prime factors of 916190?
2, 5, 11, 8329
What are the prime factors of 275826?
2, 3, 45971
What are the prime factors of 832001?
137, 6073
What are the prime factors of 369837?
3, 13, 29, 109
What are the prime factors of 5198482?
2, 29, 47, 1907
What are the prime factors of 7904563?
61, 101, 1283
List the prime factors of 6935796.
2, 3, 7, 17, 1619
What are the prime factors of 1153597?
1153597
What are the prime factors of 36174307?
13, 97, 28687
What are the prime factors of 609502?
2, 304751
List the prime factors of 3009606.
2, 3, 501601
What are the prime factors of 142688?
2, 7, 13
What are the prime factors of 107955?
3, 5, 2399
What are the prime factors of 232693?
19, 37, 331
List the prime factors of 166112.
2, 29, 179
What are the prime factors of 6312496?
2, 37, 10663
List the prime factors of 9386466.
2, 3, 1564411
What are the prime factors of 8449218?
2, 3, 156467
List the prime factors of 323467.
323467
List the prime factors of 1455299.
281, 5179
What are the prime factors of 2212846?
2, 1106423
List the prime factors of 351916.
2, 97, 907
What are the prime factors of 9499349?
53, 179233
What are the prime factors of 4537388?
2, 41, 73, 379
List the prime factors of 2924306.
2, 7, 11, 17, 1117
What are the prime factors of 1255?
5, 251
List the prime factors of 316222.
2, 43, 3677
What are the prime factors of 305001?
3, 33889
What are the prime factors of 3468190?
2, 5, 11, 41, 769
What are the prime factors of 929704?
2, 251, 463
What are the prime factors of 17624975?
5, 704999
List the prime factors of 2052056.
2, 179, 1433
What are the prime factors of 422477?
11, 193, 199
List the prime factors of 1413218.
2, 661, 1069
List the prime factors of 3483175.
5, 19, 7333
What are the prime factors of 711938?
2, 355969
What are the prime factors of 233740?
2, 5, 13, 29, 31
What are the prime factors of 904767?
3, 191, 1579
List the prime factors of 7126191.
3, 263933
What are the prime factors of 3038846?
2, 1519423
List the prime factors of 2486063.
17, 146239
What are the prime factors of 1772853?
3, 101, 5851
What are the prime factors of 173834?
2, 23, 3779
List the prime factors of 1450415.
5, 290083
List the prime factors of 690992.
2, 19, 2273
List the prime factors of 552913.
552913
List the prime factors of 7366263.
3, 47, 89, 587
List the prime factors of 237212.
2, 31, 1913
What are the prime factors of 1597144?
2, 181, 1103
List the prime factors of 12734419.
12734419
What are the prime factors of 425694?
2, 3, 70949
What are the prime factors of 73047?
3, 13, 1873
List the prime factors of 818498.
2, 61, 6709
List the prime factors of 362690.
2, 5, 36269
List the prime factors of 5193763.
5193763
What are the prime factors of 801510?
2, 3, 5, 26717
List the prime factors of 3165120.
2, 3, 5, 7, 157
List the prime factors of 662604.
2, 3, 55217
What are the prime factors of 8596048?
2, 727, 739
What are the prime factors of 3194262?
2, 3, 149, 397
List the prime factors of 6916826.
2, 7, 557, 887
List the prime factors of 15882873.
3, 433, 12227
List the prime factors of 5581262.
2, 151, 18481
List the prime factors of 22465290.
2, 3, 5, 37, 547
List the prime factors of 3609970.
2, 5, 7, 13, 3967
List the prime factors of 69687.
3, 29, 89
What are the prime factors of 1527636?
2, 3, 11, 71, 163
What are the prime factors of 1003995?
3, 5, 37, 67
List the prime factors of 623483.
7, 89069
List the prime factors of 159796.
2, 7, 13, 439
What are the prime factors of 1349978?
2, 7, 211, 457
List the prime factors of 15900.
2, 3, 5, 53
What are the prime factors of 632766?
2, 3, 163, 647
What are the prime factors of 8412154?
2, 47, 89491
List the prime factors of 102186.
2, 3, 7, 811
What are the prime factors of 136076?
2, 34019
List the prime factors of 2552820.
2, 3, 5, 157, 271
What are the prime factors of 343337?
343337
What are the prime factors of 1559574?
2, 3, 3209
List the prime factors of 119248.
2, 29, 257
List the prime factors of 769065.
3, 5, 11, 59, 79
List the prime factors of 471848.
2, 13, 349
List the prime factors of 594494.
2, 297247
What are the prime factors of 1362870?
2, 3, 5, 19, 797
What are the prime factors of 5379312?
2, 3, 112069
List the prime factors of 8731898.
2, 7, 89101
What are the prime factors of 5733471?
3, 17, 389
List the prime factors of 3996760.
2, 5, 163, 613
What are the prime factors of 555696?
2, 3, 17, 227
What are the prime factors of 1965039?
3, 655013
What are the prime factors of 361713?
3, 11, 97, 113
List the prime factors of 2607088.
2, 11, 14813
What are the prime factors of 5241322?
2, 2620661
What are the prime factors of 40844?
2, 10211
What are the prime factors of 20104904?
2, 2513113
List the prime factors of 445379.
11, 19, 2131
List the prime factors of 1178897.
1178897
List the prime factors of 14325.
3, 5, 191
List the prime factors of 3737831.
107, 181, 193
List the prime factors of 388202.
2, 194101
What are the prime factors of 1014577?
17, 37, 1613
What are the prime factors of 5219385?
3, 5, 347959
List the prime factors of 1812829.
17, 106637
List the prime factors of 114989.
7, 16427
What are the prime factors of 4527957?
3, 7, 215617
What are the prime factors of 1392161?
349, 3989
List the prime facto